Suppose t - 1063 = 3*m, -1047 = -2*t - 2*m + 1071. What is the thousands digit of t?
1
Let h = -57 + 59. Suppose -342 = -b - 2*b + h*z, -114 = -b - 3*z. What is the units digit of b?
4
Let j = 3347 + 609. What is the thousands digit of j?
3
Let o(i) = -5*i**3 - i**2 + 2*i + 7. Let m be ((-54)/45)/(4/10). Let g be o(m). Suppose -98 = -3*u + g. What is the units digit of u?
5
Suppose 0 = 62*m - 750 - 5078. What is the units digit of m?
4
Suppose 21*b = 20*b + 5*j + 364, 1548 = 4*b + 3*j. What is the hundreds digit of b?
3
Let z(b) be the first derivative of -20*b**2 - 2*b + 28. Suppose 4*w - 2*w + 2 = 0. What is the units digit of z(w)?
8
Suppose 7 = 6*f - 5*f. Suppose f*u - 4*u = 3. Suppose 6*v - 73 = -u. What is the tens digit of v?
1
Suppose -3*q - 6*w = -2*w - 204, -4*q + 273 = 5*w. Suppose o = -4*r + q, -3*o + 0*r = r - 194. What is the tens digit of o?
6
Suppose -997 = -2*o + s - 403, -4*o = s - 1182. What is the units digit of o?
6
Suppose -32923 = -71*s + 151819. What is the units digit of s?
2
What is the hundreds digit of 0 + 2/2 - (-458 + -33)?
4
Let v(k) = k**2 - 12*k + 20. Let o be v(10). Suppose o*m - 520 = -5*m. What is the units digit of m?
4
Let p(g) be the third derivative of -g**4/2 + 49*g**3/6 - 39*g**2. What is the tens digit of p(-15)?
2
Let g = -12 + 0. Let l = 15 + g. Suppose -1 = l*c - 7. What is the units digit of c?
2
Suppose 3*z - 12 = -2*g, 5*g - z + 6*z = 25. Suppose -5*t = 3*v - 225, 7*v - 3*v - 289 = -g*t. What is the units digit of v?
0
Let d = -52 - -36. Let h = 27 + d. Suppose 0 = 2*x - o + h - 30, -5*o + 70 = 5*x. What is the tens digit of x?
1
Suppose 3*q + 3*o + 17 = -2*o, 3*o - 42 = 4*q. What is the hundreds digit of 12/((45/(-80))/q)?
1
Let l(n) = n**2 + 13*n - 44. What is the units digit of l(-16)?
4
Let u be (-26)/(-8) + (-2)/8. Suppose 4*d = 3*w - 276, -u*w + 2*d + 3*d + 279 = 0. Suppose -5*q - 19 = -5*x - 124, w = 4*q - 3*x. What is the tens digit of q?
2
Let k(l) = -2*l + 46. Let c be k(10). Let r = c + 130. What is the hundreds digit of r?
1
What is the tens digit of 245 - 4*63/(-28)?
5
Let q be 13/(-15) - (-4)/(-30). Let i = -3 - q. What is the units digit of i/3 + (-42)/(-9)?
4
Let o(d) = d + 9. Let t be o(-4). Suppose 2*w + 2*i - 4 = 4*i, 4*i = t*w - 13. Suppose -4*z + 8 = -3*k + 65, 2*k - w*z = 45. What is the units digit of k?
5
Suppose c = 3*v + 2*c + 7, -3*v + 2*c = 22. Let j = v - -9. Suppose 0 = -j*x + 108 + 27. What is the tens digit of x?
2
Let p(k) = 6*k - 6*k - k + 1 - 2. Let a be p(-5). Suppose -3*m + 2*f + 70 = 0, a*f = -0 + 4. What is the units digit of m?
4
Suppose 0 = b + 2*b - 9. Let s(u) = b*u - u - 8*u. What is the units digit of s(-6)?
6
Suppose 0 = 3*v - 4*v + 38. Let m = 79 - v. What is the tens digit of m?
4
Let p = 104 + -79. Let o(d) = d**3 + 4*d**2 - 4*d - 5. Let g be o(-5). Let k = p + g. What is the units digit of k?
5
Let u(s) = 16*s + 62. What is the units digit of u(16)?
8
Let g = 10459 - 5846. What is the hundreds digit of g?
6
Let k be (9/(-6))/((-9)/264). Let i = -74 + k. Let z = i - -72. What is the tens digit of z?
4
Let h = -1209 - -2081. What is the tens digit of h?
7
Let v(c) = -5 - 8*c - 9*c - 6 - 15*c. Let o(b) = 16*b + 5. Let z(h) = 9*o(h) + 4*v(h). What is the tens digit of z(1)?
1
Let k be 45/(-10)*(0 - 2). Let b(j) = 3*j - k*j + 4*j**2 - 3*j**2 - 8. What is the units digit of b(8)?
8
Let h be 1994/(1/(-1))*(-10)/20. Suppose -3*g = 4*m - h, -4*m + 998 = g + g. What is the hundreds digit of m?
2
What is the units digit of (777/(-18)*2)/((-11)/363)?
9
Let b be (6/(-8))/((-2)/8). Suppose -2*x - 4*q + 4 + 16 = 0, 0 = q + b. What is the units digit of ((-228)/10)/(x/(-40))?
7
Let c(t) = -t**2 + 7*t + 4. Let k be c(8). Let v = 44 - k. What is the units digit of v?
8
Let m be (-2271)/(-15) - (-6)/10. Suppose 0 = -3*v - 5*v + m. What is the tens digit of v?
1
Let z be (13/(-2))/(1/(-22)). Let u = z - 80. What is the units digit of u?
3
Let m = 896 + 645. What is the thousands digit of m?
1
Suppose -68191 = 241*y - 260*y. What is the hundreds digit of y?
5
Suppose 10 - 2 = 2*n. Suppose -o = -2*d, 0 = -3*o + o - n*d + 8. Suppose -o*a - 31 = -2*g + a, -a + 1 = 0. What is the tens digit of g?
1
Let w(y) = -y**3 - 5*y**2 - 7*y - 8. Let a be w(-4). Suppose 4*z = -16, 0*z = p + a*z - 119. What is the units digit of p?
5
Let s(w) = -61*w**3 + 2*w**2 + 2*w. Let y be -2*(-2)/12*-3. What is the units digit of s(y)?
1
Let o = -8 + 23. Let a(q) = 2*q**2 - 22*q + 7. What is the hundreds digit of a(o)?
1
Let u = -9 + 14. Suppose 0 = 3*n + l + 2*l - 48, 0 = -n - u*l + 12. What is the units digit of n?
7
Suppose -3022 = 2*i - 4*i. What is the units digit of i?
1
Let j(q) = q**3 - 5*q**2 - 8*q - 4. Let l be j(6). Let k(i) = -2*i + 12. Let a be k(11). Let t = a - l. What is the units digit of t?
6
Suppose 2*d = 5*m - 4*m + 3512, -4*d - 5*m + 7024 = 0. What is the hundreds digit of d?
7
Suppose 3*m = -5*n + 300, -2*n = 13*m - 10*m - 300. What is the units digit of m?
0
What is the tens digit of 517 + (-10)/(-5) - 1?
1
Let d be ((-62)/4)/((-5)/70). Suppose -d - 189 = -2*i. Suppose -35 = 4*p - i. What is the tens digit of p?
4
Suppose -2594 = -5*t + 3*i, -3*t - 5*i + 683 = -853. What is the hundreds digit of t?
5
Let g be 334/(-3) + ((-15)/9 - -1). Let z = g + 325. What is the tens digit of z?
1
Let o = -41 - 43. Let p = o - -120. What is the units digit of p?
6
Let c = 663 - 225. Suppose -5*t = -3*r - c, -5*t - 2*r + 431 = 2*r. What is the units digit of t?
7
Let b(c) = 2*c**2 + 4*c - 1. Suppose -27 = 4*z - 3*a, -z + 0*a - 13 = -2*a. Let m be b(z). Suppose -m*s = -40 - 45. What is the tens digit of s?
1
Suppose -2*m + 5*h + 51 + 103 = 0, -252 = -4*m - 4*h. Suppose -9*f + 392 = -m. What is the tens digit of f?
5
What is the units digit of 186 + 0 - (29 - 21)?
8
Let f = 10 - 6. Suppose 3*m = -f*d, -6*m = 2*d - m. Suppose d = -2*y + 5*y - 48. What is the units digit of y?
6
Let v(x) = 2*x**3 + x**2 - 24*x + 22. What is the tens digit of v(7)?
8
Let q(j) = -6*j + 14*j - 2 + 1 + 2*j**2 - 3. Suppose -s = 4*s + 2*x + 45, 3*s + 5*x = -46. What is the tens digit of q(s)?
3
Let d(l) = l**3 - 6*l**2 - 35*l - 27. What is the hundreds digit of d(14)?
0
Suppose -12729 = 15*z - 48624. What is the thousands digit of z?
2
Let a be 12/10*(-60)/(-36). Suppose 2*n + a*n - 470 = 5*d, -5*d - 10 = 0. What is the units digit of n?
5
Let b = 29 - 33. What is the tens digit of ((-10)/b)/((-1)/(-4))?
1
Let t = -6 - -11. Suppose -12*v + 1085 = -t*v. What is the hundreds digit of v?
1
What is the thousands digit of 1/(12/16 + 16386/(-21864))?
1
Let a(r) = r**2 - 11*r + 9. Let v be a(9). Let d be (56/(-12))/(1/v). Suppose 0*i - 3*i = -d. What is the tens digit of i?
1
Suppose 53*y - 57630 - 35756 = 0. What is the tens digit of y?
6
Suppose 3*u + 23 - 20 = 0. What is the units digit of (-2 - u)*-105 - (1 + -1)?
5
Let m = -9 - -9. Suppose 4*f + m*f - 208 = 0. Suppose 0*p = -3*p - 2*b + 49, 0 = 3*p - b - f. What is the units digit of p?
7
Let h(q) = 2*q**3 - 7*q**2 - 5*q - 22. What is the units digit of h(7)?
6
Let d = -398 - -238. Let o = -64 - d. What is the units digit of o?
6
Let p = -68 + 68. Suppose -4*o - 8 = p, 0*r + o = -4*r + 78. What is the tens digit of r?
2
Suppose 5*w - 135 = -0*w. Suppose -i = -w - 41. What is the tens digit of i?
6
Let i(t) = -t**2 + 12*t - 7. Let r be i(9). What is the units digit of 1605/r - 3/(-4)?
1
Let f(l) = 14*l + 624. What is the tens digit of f(0)?
2
Let p be (-3 + 6 + -4)/((-2)/6). Suppose -g = 4*h - 56, -5*h - 75 - 42 = -p*g. What is the units digit of g?
4
Let x be 412/26 + (-6)/(-39). Suppose -5*n + n = -x. Suppose 3*u = -0*u - 6, n*u = b - 65. What is the tens digit of b?
5
Let f be 27695/25 + (-1)/(-5). Suppose -2*y - 2*y = 2*l - f, -5*l + 5*y + 2770 = 0. What is the tens digit of l/22 - 12/66?
2
Suppose 0 = 16*p - 110234 + 24282. What is the units digit of p?
2
Let m = -2432 - -5041. What is the units digit of m?
9
What is the thousands digit of 1371 - -15*8/(-40)?
1
Let v(h) = -h**2 + 12*h - 41. Let j be v(7). What is the hundreds digit of 2835/12 + j/(-8)?
2
Let k(t) = -2*t - 1. Let j be k(-3). What is the tens digit of (32/j)/8*35*2?
5
Let r = -12 + 2. Suppose -78 = -4*x + 3*x + 5*k, -2*k = 4*x - 290. Let h = r + x. What is the units digit of h?
3
What is the 